s the ten thousands digit of 24675?
2
What is the tens digit of 6324?
2
What is the thousands digit of 130161?
0
What is the ten thousands digit of 27695?
2
What is the units digit of 23049?
9
What is the thousands digit of 1531?
1
What is the thousands digit of 1950?
1
What is the thousands digit of 2464?
2
What is the units digit of 1902?
2
What is the units digit of 5221?
1
What is the tens digit of 2943?
4
What is the hundreds digit of 42007?
0
What is the hundreds digit of 108?
1
What is the units digit of 589?
9
What is the tens digit of 2867?
6
What is the tens digit of 843?
4
What is the thousands digit of 53221?
3
What is the tens digit of 1097?
9
What is the units digit of 57390?
0
What is the tens digit of 4843?
4
What is the thousands digit of 10810?
0
What is the thousands digit of 2358?
2
What is the units digit of 2429?
9
What is the units digit of 3110?
0
What is the ten thousands digit of 40507?
4
What is the tens digit of 1349?
4
What is the thousands digit of 6681?
6
What is the units digit of 5086?
6
What is the ten thousands digit of 38913?
3
What is the thousands digit of 1979?
1
What is the tens digit of 2264?
6
What is the hundreds digit of 54895?
8
What is the units digit of 15894?
4
What is the tens digit of 4970?
7
What is the thousands digit of 36626?
6
What is the thousands digit of 25995?
5
What is the hundreds digit of 873?
8
What is the ten thousands digit of 62171?
6
What is the units digit of 404?
4
What is the ten thousands digit of 41758?
4
What is the thousands digit of 4174?
4
What is the tens digit of 33770?
7
What is the units digit of 4888?
8
What is the hundreds digit of 1400?
4
What is the tens digit of 2005?
0
What is the tens digit of 6124?
2
What is the ten thousands digit of 26318?
2
What is the tens digit of 4867?
6
What is the units digit of 2852?
2
What is the tens digit of 6077?
7
What is the units digit of 1880?
0
What is the units digit of 573?
3
What is the hundreds digit of 121?
1
What is the tens digit of 9771?
7
What is the thousands digit of 1907?
1
What is the tens digit of 597?
9
What is the units digit of 7293?
3
What is the hundreds digit of 24240?
2
What is the hundreds digit of 16081?
0
What is the units digit of 1191?
1
What is the tens digit of 61634?
3
What is the thousands digit of 8410?
8
What is the ten thousands digit of 18937?
1
What is the units digit of 5287?
7
What is the units digit of 642?
2
What is the thousands digit of 3681?
3
What is the tens digit of 1078?
7
What is the hundreds digit of 1180?
1
What is the hundreds digit of 1701?
7
What is the thousands digit of 4081?
4
What is the units digit of 14482?
2
What is the hundreds digit of 379?
3
What is the units digit of 1350?
0
What is the hundreds digit of 1476?
4
What is the ten thousands digit of 19922?
1
What is the ten thousands digit of 43513?
4
What is the units digit of 875?
5
What is the thousands digit of 12227?
2
What is the hundreds digit of 7216?
2
What is the hundreds digit of 7548?
5
What is the hundreds digit of 1557?
5
What is the hundreds digit of 1945?
9
What is the tens digit of 387?
8
What is the tens digit of 11982?
8
What is the units digit of 9530?
0
What is the tens digit of 12887?
8
What is the tens digit of 6676?
7
What is the units digit of 1028?
8
What is the thousands digit of 4144?
4
What is the thousands digit of 1152?
1
What is the thousands digit of 2125?
2
What is the thousands digit of 54196?
4
What is the ten thousands digit of 43504?
4
What is the hundreds digit of 106?
1
What is the tens digit of 4052?
5
What is the hundreds digit of 972?
9
What is the thousands digit of 19163?
9
What is the thousands digit of 1379?
1
What is the units digit of 4281?
1
What is the tens digit of 1877?
7
What is the units digit of 7202?
2
What is the thousands digit of 110174?
0
What is the thousands digit of 4255?
4
What is the tens digit of 2379?
7
What is the hundreds digit of 97955?
9
What is the tens digit of 685?
8
What is the units digit of 1161?
1
What is the thousands digit of 8588?
8
What is the units digit of 1980?
0
What is the thousands digit of 1758?
1
What is the tens digit of 33278?
7
What is the hundreds digit of 3217?
2
What is the thousands digit of 21638?
1
What is the hundreds digit of 1037?
0
What is the units digit of 864?
4
What is the hundreds digit of 23218?
2
What is the tens digit of 678?
7
What is the hundreds digit of 2280?
2
What is the hundreds digit of 1506?
5
What is the units digit of 236?
6
What is the tens digit of 45935?
3
What is the hundreds digit of 595?
5
What is the tens digit of 2096?
9
What is the hundreds digit of 829?
8
What is the tens digit of 4857?
5
What is the thousands digit of 1772?
1
What is the tens digit of 5680?
8
What is the tens digit of 33633?
3
What is the tens digit of 1018?
1
What is the hundreds digit of 234?
2
What is the hundreds digit of 1340?
3
What is the tens digit of 13161?
6
What is the units digit of 683?
3
What is the units digit of 197?
7
What is the thousands digit of 6679?
6
What is the thousands digit of 2927?
2
What is the tens digit of 1511?
1
What is the units digit of 1552?
2
What is the thousands digit of 43738?
3
What is the tens digit of 3095?
9
What is the tens digit of 3839?
3
What is the tens digit of 26358?
5
What is the tens digit of 3301?
0
What is the hundreds digit of 8896?
8
What is the units digit of 5586?
6
What is the tens digit of 1611?
1
What is the thousands digit of 1722?
1
What is the hundreds digit of 349?
3
What is the tens digit of 3415?
1
What is the units digit of 248?
8
What is the hundreds digit of 818?
8
What is the hundreds digit of 1476?
4
What is the hundreds digit of 2364?
3
What is the units digit of 221?
1
What is the units digit of 154860?
0
What is the tens digit of 620?
2
What is the tens digit of 11603?
0
What is the units digit of 151?
1
What is the hundreds digit of 984?
9
What is the hundreds digit of 773?
7
What is the units digit of 3254?
4
What is the hundreds digit of 218?
2
What is the thousands digit of 13615?
3
What is the tens digit of 991?
9
What is the units digit of 1487?
7
What is the hundred thousands digit of 132236?
1
What is the tens digit of 49572?
7
What is the ten thousands digit of 67098?
6
What is the hundreds digit of 541?
5
What is the units digit of 357?
7
What is the thousands digit of 5676?
5
What is the thousands digit of 119079?
9
What is the thousands digit of 59001?
9
What is the thousands digit of 34498?
4
What is the thousands digit of 14927?
4
What is the ten thousands digit of 32585?
3
What is the thousands digit of 26479?
6
What is the tens digit of 3652?
5
What is the hundreds digit of 6786?
7
What is the units digit of 2571?
1
What is the tens digit of 83170?
7
What is the units digit of 14465?
5
What is the tens digit of 31260?
6
What is the tens digit of 26794?
9
What is the thousands digit of 1052?
1
What is the tens digit of 109?
0
What is the units digit of 17074?
4
What is the tens digit of 1294?
9
What is the hundreds digit of 4262?
2
What is the thousands digit of 3890?
3
What is the ten thousands digit of 16003?
1
What is the tens digit of 6934?
3
What is the hundreds digit of 528?
5
What is the hundreds digit of 14390?
3
What is the hundreds digit of 6299?
2
What is the tens digit of 584?
8
What is the units digit of 4330?
0
What is the thousands digit of 2074?
2
What is the tens digit of 11069?
6
What is the tens digit of 544?
4
What is the ten thousands digit of 33395?
3
What is the units digit of 540?
0
What is the tens digit of 993?
9
What is the hundreds digit of 597?
5
What is the units digit of 30877?
7
What is the units digit of 55427?
7
What is the units digit of 9703?
3
What is the hundreds digit of 264?
2
What is the tens digit of 1594?
9
What is the thousands digit of 6480?
6
What is the hundreds digit of 1516?
5
What is the hundreds digit of 2452?
4
What is the thousands digit of 1117?
1
What is the units digit of 15183?
3
What is the units digit of 475?
5
What is the hundreds digit of 7908?
9
What is the hundreds digit of 1603?
6
What is the hundreds digit of 276?
2
What is the hundreds digit of 6373?
3
What is the units digit of 2659?
9
What is the tens digit of 10681?
8
What is the units digit of 131824?
4